 4 + 6 + 4*k - 4 - k**2. Let v(n) = n**3 - 43*n**2 - 133*n - 235. Let t be v(46). Give u(t).
-39
Let p(w) be the first derivative of -w**3/3 + 3*w**2 - 7*w - 21957. Let n(v) = -v - 3. Let y be n(-6). Give p(y).
2
Let q(o) be the first derivative of 0*o - 14/3*o**3 - 1/12*o**4 + 0*o**2 - 19 + 1/60*o**5. Let y(u) be the third derivative of q(u). Give y(2).
2
Let l(t) = 2*t + 7. Let u be ((-6)/9)/(26/(-195)). Let n(w) = 4*w**2 - 18*w - 15. Let o be n(u). What is l(o)?
-3
Let p(k) = 4*k**3 - 151*k**2 + 113*k + 80. Let t(s) = -3*s**3 + 82*s**2 - 112*s - 81. Let i(v) = 2*p(v) + 3*t(v). What is i(-54)?
25
Let j(s) = -s**2 + 4*s - 2. Let c(t) be the first derivative of -t**2/2 - 68. Let r(p) = c(p) + j(p). Let a be 2/7 - 66/(-14). Give r(a).
-12
Let p(v) = -24*v + 53. Let t(f) = 39*f - 73. Let y(z) = -26*z + 49. Let b(n) = 5*t(n) + 8*y(n). Let q(x) = -11*b(x) + 6*p(x). Determine q(12).
9
Let j(i) = i - 15. Let u be j(20). Let o(c) be the first derivative of -c**2 - 15 + 17 - 26 + 7*c. What is o(u)?
-3
Let m = -148 - 178. Let p = m - -327. Let w(o) = 3*o**3 - 5*o**3 + 1 + 4*o**3 - o. What is w(p)?
2
Let q(t) be the second derivative of -2*t**2 - 2*t + 2*t**3 - 1/12*t**4 + 9. Calculate q(10).
16
Let p(h) = -18*h + 13. Let m = -12805 - -12814. What is p(m)?
-149
Suppose 0 = 2*g + 3*a + 7, -3*g + g + 3*a + 23 = 0. Let t(n) = -17*n + 12*n - 4 + g*n. Let w = -336 - -333. Calculate t(w).
-1
Let l(z) = 11*z + 0 - 17*z - 7 + 6. Let i = -25 - -26. Give l(i).
-7
Let f(c) = 5*c + 7. Let l = 46 + -42. Suppose -325 = l*a + a. Let d = a + 60. Calculate f(d).
-18
Let q(l) be the third derivative of 13*l**5/60 - l**4/8 + l**3/3 - 2*l**2. Let n be 27 - (-21)/((-147)/182). What is q(n)?
12
Let b(y) = -6*y - 185. Let k(i) = -6*i - 208. Let j(w) = -7*b(w) + 6*k(w). Determine j(-8).
-1
Suppose -81*v - 2129 = -266. Let m(x) = -2*x**2 - 48*x - 31. What is m(v)?
15
Suppose -4*p + 2*f + 15 = p, -p = 5*f + 24. Let h(c) = 4*c**2 + 1 + 19*c**2 - 21*c**2 + 10*c - p. What is h(-5)?
0
Let l be 8/3*396/(-176). Let i(n) = 5*n**2 + 9*n. Let o(b) = -4*b**2 - 8*b - 1. Let y(q) = 3*i(q) + 4*o(q). Determine y(l).
-10
Suppose 0 = 54*f + 15*f - 690. Let x(j) = -6*j - 1. Determine x(f).
-61
Let g = 126 + -118. Suppose -5*v + 570 = 135. Let p(a) = -v*a - g + 9 + 88*a. Give p(-2).
-1
Let i(l) = -3*l**2 + 2*l - 3. Let a(t) = 4*t**2 - 2*t + 4. Suppose 0 = -0*y - 2*y + 4*y. Let u = 2 - y. Let x(h) = u*a(h) + 3*i(h). What is x(4)?
-9
Let p(j) = j**3 - j**2 - 4*j - 4. Let t(v) = 2*v**3 - 3*v**2 - 10*v - 10. Let f(a) = -7*p(a) + 3*t(a). Give f(-2).
2
Let f(g) be the second derivative of -g**5/20 + g**4/6 + g**3/2 - 3*g**2 + g - 10. Let j(k) = -k**2 + k - 1. Let o(h) = f(h) - 3*j(h). What is o(5)?
-3
Let s(z) = -109*z**2 + 2*z**2 - 1 + 105*z**2. Suppose 5 = -4*q + 21. Let c be 7/(-14) - 6/q. Determine s(c).
-9
Suppose 9*f - 72 = 3*f. Let t = f + -12. Let i(y) = 2*y + 23. Let z(x) = -x - 11. Let s(a) = 4*i(a) + 9*z(a). Calculate s(t).
-7
Let c(z) = -26*z**2 + 5*z + 3. Let k be c(-1). Let o be (k/(-6))/(-8*(-5)/(-60)). Let q(s) = s**2 + 7*s + 1. Give q(o).
1
Let v(z) = 22*z + 343. Let j be v(-15). Suppose c - 3*c + 34 = 0. Suppose -20 = j*i - c*i. Let a(n) = 2*n + 6. Calculate a(i).
16
Let m(f) = -16 + 282 + 28*f - 7 - 45*f - 34*f. Calculate m(5).
4
Let l(n) = n**2 - 8*n - 1. Let k be (-221)/17 + 23 + -5. Determine l(k).
-16
Let a(q) = q**2 + q - 5. Let k(j) be the third derivative of j**6/120 + 3*j**5/20 - 25*j**4/24 - 6*j**3 - 159*j**2. Let c be k(-11). Calculate a(c).
1
Let p(i) = 2*i + 1. Suppose -13*k + 16*k - 15 = 0. Suppose 3*m + 2*m = -a + 113, -2*m = k*a - 36. Let b = m + -21. Calculate p(b).
5
Let p(y) be the third derivative of -y**5/60 + 7*y**4/24 + y**3/2 - 3*y**2 - 2573. Suppose -4*c + 24 = 2*i, -c + 2*i + 32 = 3*c. Give p(c).
3
Let a(u) be the first derivative of 21*u**2 - 2*u + 4419. Calculate a(-3).
-128
Let i(t) be the second derivative of -t**5/20 - 2*t**4/3 + 7*t**3/6 - 9*t**2/2 + t + 19. Suppose 1667 - 1775 = 12*x. Calculate i(x).
9
Let w(d) = -40*d**2 - 2*d + 5. Let i(l) = -20*l**2 - l + 2. Let t(h) = 5*i(h) - 2*w(h). Let x be 3*(2/(-16) + 265/(-1272)). Give t(x).
-19
Suppose 4*q - 14 = 950. Let l = q - 250. Let g(h) = h**3 + 9*h**2 - 2*h + 9. Give g(l).
27
Suppose -2506 = 1145*s + 11234. Let x(f) be the first derivative of f**3/3 + 6*f**2 - 16*f + 1. Calculate x(s).
-16
Let z(m) = -3*m + 9. Let r = -52 + 65. Let u = r - 17. Let n(h) = 3*h - 8. Let x(d) = u*z(d) - 5*n(d). Give x(4).
-8
Let s be (2 + 3 + -6)*-5. Let t(h) be the first derivative of -1/4*h**4 - 1/2*h**2 - 7*h + 2*h**3 - 8. What is t(s)?
13
Let n be 12/7 + 2/7. Suppose -4*t + 20 = o, -4*t + n*o + 4 = -o. Let p(l) = -160*l**3 + 152*l**2 - 149*l**2 + 27 + 4*l + 0*l + 159*l**3 - 26. Give p(t).
1
Let v(u) = -2*u**2 - 2*u - 7. Let w(j) = j**2 + 0 + 167*j - 337*j + 171*j + 4. Let z(c) = -3*v(c) - 7*w(c). What is z(0)?
-7
Let u(h) = h**3 + 7*h**2 - 4*h + 8. Let a be 22/(-55)*5*-10. Suppose -2*b = -4 + a. Give u(b).
-24
Let m(a) = a**2 - 5*a - 10. Suppose 12*f = 13*f - 13. Let d(t) = 2*t**2 - 10*t - 22. Let p(j) = f*m(j) - 6*d(j). Calculate p(4).
-2
Let x(y) = -11*y - 31. Let v be x(-3). Let h(c) = c**3 - c**2 - 4*c + 3. Give h(v).
-1
Let k(s) = -18*s**2 + 11*s - 32. Let f(b) = 11*b**2 - 6*b + 15. Let r(d) = 5*f(d) + 3*k(d). Give r(-11).
67
Let z(v) = -2*v + 29. Let o(g) = 119*g - 1321. Let r be o(11). Calculate z(r).
53
Let s(p) = -3*p**2 + 18*p - 19. Suppose -4*w = -h - 9, w + 4*h + 18 = -w. What is s(w)?
-4
Let t(j) = 3*j + 35. Suppose 4*v - k = -43, 2*v - 24*k + 25 = -27*k. What is t(v)?
2
Let m = -7 - 24. Let b = m + 36. Suppose -3*y - 3*q = y + 27, -y = -q + b. Let f(j) = -j**3 - 6*j**2 - 3*j - 6. Determine f(y).
12
Let w(x) = -x**3 - 6*x**2 + 3*x + 40. Suppose -73 = 12*q - 13. Calculate w(q).
0
Let m(w) = -11*w**2 + w. Let q(g) = 20*g**2 - g. Let u(s) = -11*m(s) - 6*q(s). Let y(o) = o**3 + 5*o**2 - 7*o. Let z = -21 + 15. Let d be y(z). What is u(d)?
6
Suppose g = -251 + 246. Let p(w) = 3*w**2 + 15*w - 9. Calculate p(g).
-9
Suppose 16 = 3*f + f. Suppose 2*q - 18*d - 25 = -15*d, 5*d = 5*q - 60. Let j(g) = -q - 6 + 21 - 2 + g. Calculate j(f).
6
Let j(d) = -12*d**3 - 9*d**2 + 11*d + 11. Let k(h) = -11*h**3 - 7*h**2 + 9*h + 9. Let c(u) = -6*j(u) + 7*k(u). Give c(1).
-6
Let u(m) be the third derivative of -5*m**4/24 - 115*m**3/6 - 2887*m**2. Calculate u(-23).
0
Suppose 6*v + 7 = 5*v - 3*b, -2*v + 2 = 2*b. Suppose z - 16 + 2 = -2*g, 2*g = -v*z + 6. Let k(m) = 2*m - 23 + 12 + g + 7. Calculate k(-3).
-2
Let o(j) = -j - 2. Let k be (-10)/25 - 56/35. Let x(c) be the third derivative of c**4/24 - c**3/6 + c**2. Let t(s) = k*x(s) + 2*o(s). Determine t(-2).
6
Suppose 1622*p + 5872 = 3832 - 4448. Let a(b) = -5*b - 6*b**2 + 0*b**3 - b**3 - 4 + 7*b. Give a(p).
-44
Let q = -510 - -462. Let t = q + 54. Let i(c) = -4*c + 13. Determine i(t).
-11
Let o(l) = 18*l + 121. Let m be o(-6). Let u(j) be the first derivative of -j**4/4 + 14*j**3/3 - 15*j**2/2 + 10*j + 116. Give u(m).
-16
Suppose 53*a - 46 = 5*f + 50*a, -3*f + 3*a = 36. Let v(t) = 5*t + 23. Determine v(f).
-2
Let q(l) = l - 12. Let d = 63 - 58. Suppose -h = d*w - 18, 3*h - 29 + 5 = -5*w. Suppose 0 = 3*y + i - 36, -48 = -w*y - 0*i + 3*i. Determine q(y).
1
Let y(d) be the first derivative of -7*d**4/12 + 11*d**2/2 - 2*d + 133. Let u(x) be the second derivative of y(x). Determine u(2).
-28
Let m = 6606 + -6609. Let g(t) = -4*t - 5. Give g(m).
7
Suppose 4*k - 9 = 3. Let l be 26/(-8) - -1*k/12. Let n(c) = c - 1. Let v be n(l). Let o(q) = -2*q**2 - 5*q - 4. Calculate o(v).
-16
Let d(t) = -14*t + 9. Suppose -435*g + 4*u + 9 = -430*g, -u = 5*g + 21. Determine d(g).
51
Suppose -30*z + 40*z - 80 = 0. Let g(j) = 4*j**2 - 24*j + 9. Calculate g(z).
73
Let s(g) = g + 9. Let j be s(-5). Let i(v) be the first derivative of 0*v - v**2 + 5/3*v**3 - 1/4*v**4 - 43. Determine i(j).
8
Let m(i) = i**2 - 101*i + 94. Let b be m(100). Let s(w) = 3*w + 15. Give s(b).
-3
Let o(g) be the third derivative of 0 + 0*g - 1/120*g**6 - 1/12*g**5 + 114*g**2 - 1/6*g**4 - 5/6*g**3. Determine o(-5).
15
Let q(w) = -5*w - 16. Suppose 368 + 396 = -35*c + 694. Calculate q(c).
-6
Let s be ((-6)/4)/(3/8). Let x(o) = -16007 + o**2 + 32002 - 15999 - 3*o. Determine x(s).
24
Let c(i) = 254*i - 3197. Let b(t) = 181*t - 2282. Le